 j. Let h(t) = o*k(t) + 11*s(t). Give h(5).
6
Let u(a) = a**2 + 5*a + 2. Let n be u(-5). Let y(i) = -3*i**2 + 5*i**n + i**2. What is y(-1)?
3
Let p be 3/(-2)*12/(-9). Let k(q) be the third derivative of 1/12*q**5 + 0 + q**p + 0*q + 1/6*q**3 + 0*q**4. Calculate k(1).
6
Let u(f) = -f**2 + f. Let p(v) = -5*v**2 + 11*v + 3. Let q(h) = -p(h) + 6*u(h). Calculate q(-3).
3
Let s(u) = u**3 + u**2 + 7. Let v be (-4)/6 + (-20)/(-3). Suppose 3 + v = 3*o. Suppose o*h = h. Give s(h).
7
Let b(c) = c - 1. Suppose 8 = -5*a + 18. What is b(a)?
1
Let q(d) = -6*d**3 + 5*d**2 + 2. Let j(l) = l**3 - l**2 - 1. Let g(b) = 5*j(b) + q(b). Suppose 0*z + 12 = 5*t - 3*z, -2*t - 20 = 5*z. Calculate g(t).
-3
Let q(k) be the second derivative of 2*k + 0 + 1/6*k**3 - 3*k**2. Determine q(5).
-1
Let a(m) = -m**3 - 6*m**2 - 3*m + 6. Suppose 0 = u + 1 + 4. Determine a(u).
-4
Let o(r) = -4*r**2 + 11*r - 3. Let c(g) = -g**2 + 1. Let v(z) = -5*c(z) + o(z). Give v(-11).
-8
Let k(j) = 2*j - 10. Let f(v) = -v**3 + 6*v**2 - 4*v + 3. Let h be f(5). Give k(h).
6
Let k(j) = 5*j - j - 7*j + 4. Determine k(3).
-5
Let x = -15 - -17. Let i(y) = -y + y + x*y - 5*y. Give i(2).
-6
Suppose -j + 7 = 3*h, -2*j + j + 5*h + 7 = 0. Let n(r) = 2 + 2 - 8 + r**3 - j*r**2 + 4*r + 3*r**2. Determine n(3).
-1
Suppose -3 = 4*z - 2*i + 1, 3*z + 4 = 2*i. Suppose z*b - 3 = -b. Let n(u) = u**3 - 3*u**2 + 2*u - 4. Give n(b).
2
Let q = -5 + 9. Suppose -2*y = 12 - q. Let b(a) = -a**3 - a**2 + 1. Let i(o) = -4*o**3 - 2*o**2 - 2*o + 4. Let h(v) = 5*b(v) - i(v). Calculate h(y).
9
Let g be (-4 - -1)/6*-6. Let b(f) = f**2. What is b(g)?
9
Let c(b) = -b**3 - 5*b**2 - 5*b - 7. Let q = 29 - 34. Give c(q).
18
Suppose -2*f = 8, 10 = -2*y - 2*f + f. Let u(d) = -d**3 - 3*d**2 + d - 2. Give u(y).
-5
Let o(g) be the first derivative of g**2/2 + 3*g - 3. Calculate o(5).
8
Let q(n) = n**2. Let z(y) be the third derivative of y**5/30 + 5*y**4/24 + 7*y**3/6 + y**2. Let a(c) = -q(c) + z(c). Calculate a(-5).
7
Let z(f) = -4 + 5 + 2*f + 2*f + f**2. Let p = 89 - 93. Determine z(p).
1
Let h(v) = 4*v**2 - 10*v + 2. Let n(w) = w**2 - w + 1. Let t(l) = h(l) - 3*n(l). Give t(6).
-7
Let r be (-6)/(-8)*104/39. Let z(v) = 0*v - v**2 - 4*v + 1 + 0*v + r. Calculate z(-6).
-9
Let x(s) = -s**2 - 23*s - 50. Let w be x(-21). Let y(h) = -h**2 - 8*h - 3. Determine y(w).
-3
Let a(u) = -3*u - 8. Let p be (3/(-6))/((-2)/(-24)). Give a(p).
10
Suppose 28 = -5*k - 0*k - j, 3*j = 4*k + 11. Let f(s) = 5 + 0*s - 4*s**2 + 5*s - s**3 + 2*s + 0. Give f(k).
-5
Let p(z) be the third derivative of -z**9/10080 - z**8/10080 + z**7/5040 + z**5/60 - 2*z**2. Let u(a) be the third derivative of p(a). Determine u(1).
-7
Let m(f) = -f**2 - 3. Let b be (2/(-1))/(-2)*0. Suppose b = -h + 6*h. Determine m(h).
-3
Let n(f) = -5*f - 4. Let i be -3*(-1 + (-4)/12) - 0. Calculate n(i).
-24
Let f(y) be the second derivative of -y**4/12 + y**3/2 + y**2/2 - 2*y - 2. Let v be -10*((-6)/5)/3. Calculate f(v).
-3
Let f = 0 - 6. Let a = -6 - f. Let x(r) = -r - 3. Let g(o) = -o - 4. Let n(j) = -3*g(j) + 2*x(j). Give n(a).
6
Let r(k) = -k. Let c(g) = 5*g. Let s(v) = -11*v**2 + 2*v. Let w be s(1). Let o(y) = w*r(y) - 2*c(y). Calculate o(-4).
4
Suppose -r = v + r + 4, 5*v = -4*r - 2. Let h(s) = -11*s + 9. Let t(l) = 16*l - 13. Let q(y) = -7*h(y) - 5*t(y). Give q(v).
-4
Let d(y) be the third derivative of y**5/30 + y**4/24 - y**3/6 - 4*y**2. What is d(2)?
9
Let z(q) = q**3 + q**2 + 1. Let k be z(0). Let n be (k/2)/(1/(-2)). Let h(d) = d. Let a(f) = 8*f - 4. Let m(w) = n*a(w) + 5*h(w). Determine m(3).
-5
Let r(y) = -3*y**2 + y - 1. Let h be r(1). Let x(b) = -2 - 3*b - 3*b + 4*b. Give x(h).
4
Let h(p) be the second derivative of -p**4/12 + p**3/2 + 3*p**2/2 - 20*p. Suppose 3*v = 2*j - 4*j + 13, 5*v = -j + 24. Determine h(v).
-7
Let h(a) = a**2 - 10*a + 12. Suppose 43 = 5*p + 3. What is h(p)?
-4
Let f(l) be the first derivative of -l**2 + 0*l + 1/6*l**3 + 1 - 1/3*l**4. Let p(w) be the second derivative of f(w). What is p(-1)?
9
Let r be 8 + -5 + -7 + 1. Let h(s) be the first derivative of -s**4/4 - 2*s**3/3 + 5*s**2/2 + 4*s + 1. Give h(r).
-2
Let c(x) = -3*x - 1. Suppose o = -2*o. Suppose 4*k = -2*p + 14, o = 3*p - p - 3*k + 14. Let h = p - 1. What is c(h)?
5
Let r(q) = 11*q - 1. Let h(k) = 9*k - 1. Let m(g) = -3*h(g) + 2*r(g). Calculate m(1).
-4
Let j(q) = q**2 + 7*q - 14. Let h be j(-9). Let v(x) = x + 1. Calculate v(h).
5
Let g(k) = 5*k**2 - 1. Let n(c) = 11*c**2 - 2. Let z(x) = -7*g(x) + 3*n(x). Let t(p) be the first derivative of z(p). Let o be (5/20)/(2/(-8) + 0). Give t(o).
4
Let o(s) be the third derivative of -s**4/12 + s**3/6 - 4*s**2. Give o(-4).
9
Suppose 2*t + 4 = 4*t. Let v = -5 - -5. Let n(f) = v*f**2 + 5*f - 4*f - f**2. Determine n(t).
-2
Let c(u) = -u**3 + 4*u**2 + 7*u - 1. Suppose 8 = -4*v - 0. Let j(d) = d + 0*d + 5 - 6 - d**3. Let w be j(v). Give c(w).
9
Let l(c) = c**2 - 6*c - 8 - 2*c - 2*c**2. What is l(-6)?
4
Let a(b) = -b**3 + 8*b**2 + 2. Let k be a(8). Let p(z) be the first derivative of z + 1/3*z**3 - z**2 - k. Give p(1).
0
Let u(y) be the second derivative of 1/2*y**2 - 1/2*y**3 + y + 0. Determine u(1).
-2
Let k(x) = x**2 - 7*x. Let d be k(7). Let s(c) be the second derivative of d + c**2 + 2*c - 1/12*c**4 - 1/2*c**3. Give s(-5).
-8
Suppose -2*a + 15 = 3*a. Let y(s) = -a + 3 + 2*s - 3*s + 9. Suppose 5 = d, 8*t - 4*t - 41 = -5*d. Determine y(t).
5
Let l be (-2 - -4)/(3/6). Let r(j) = j**3 - 4*j**2 - 5*j + 11. Let i(d) = -d + 1. Let s(h) = 6*i(h) - r(h). Calculate s(l).
-9
Let m(i) = 66*i + 62*i - i**3 - i**2 - 126*i. Give m(-2).
0
Suppose -3*i = -2 - 10. Let l(w) = -3*w**3 + 9*w**2 - 1. Let s(k) = -7*k**3 + 19*k**2 - 1. Let y(c) = i*s(c) - 9*l(c). Determine y(-5).
5
Let o(s) = 3*s**3 - 2*s**2 - s. Let f(q) = q**3 - 24*q**2 + 24*q - 25. Let j be f(23). Calculate o(j).
-30
Let t(z) = 22*z + 11. Let o(s) = -14*s - 7. Let q(d) = -8*o(d) - 5*t(d). What is q(5)?
11
Let y(s) be the third derivative of s**5/60 + 7*s**4/24 + s**3/6 - 65*s**2. Calculate y(-6).
-5
Let b(r) = -r**3 + 5*r**2 - r + 5. Let d be b(5). Let p be -4 - (-2 + (d - -1)). Let l(o) = -o. Give l(p).
3
Suppose 7 = 2*s + 1. Let u(j) = 5 - 7*j + 3 + 6*j**2 + 2*j + j**s. Calculate u(-7).
-6
Let o(i) = 3*i - 1. Let x(a) be the first derivative of a**2/2 - a + 2. Let m(v) = o(v) - 2*x(v). Suppose 5*c = 4 + 11. What is m(c)?
4
Let d be 2 - -1*(7 + -3). Let v(q) = q**2 - q. Let h(k) = -k**3 + 9*k**2 - 5*k + 6. Let b(i) = -h(i) + 3*v(i). Calculate b(d).
6
Suppose 0 = -4*v + v - 3. Let j be -1 + -1 + 4 - -1. Let u(x) = -4*x - 2*x - x**j + 3*x**3 + 5*x. Determine u(v).
-1
Suppose 0 = -3*g + 4*g. Suppose g*f - 20 = -4*f. Let q(m) = -4 - 11*m + 22*m - 10*m. Give q(f).
1
Let k(l) be the first derivative of -l**5/60 + l**4/4 - l**3/2 + l**2 - 2. Let g(x) be the second derivative of k(x). Calculate g(5).
2
Let k(v) = 8 - 7 + 1 + v + 0. Give k(8).
10
Let m(v) = 2*v**2 - 7*v + 4. Let x(q) = 2 + 2*q - 3*q + 2 + 0. Let w(g) = g**2 + 5*g. Let i be w(-5). Let s be x(i). Give m(s).
8
Suppose -m + 5 = -0. Let y(u) = 3*u**3 + 0*u**3 - 4*u**3 + u - m + 0*u**3. Calculate y(0).
-5
Suppose -4*h - u + 11 = 0, -2*u + 5*u - 3 = -2*h. Let i be ((-3)/2)/(h/(-4)). Let x(p) = -3*p**2 + 2*p. Determine x(i).
-8
Suppose 4*w - 10 - 2 = 0. Let o(r) be the first derivative of -3/4*r**4 + 0*r - 1/3*r**w - 1 + 0*r**2. What is o(-1)?
2
Suppose -46 + 1 = 5*z. Let l(c) = -c**3 - 8*c**2 + 10*c + 9. Calculate l(z).
0
Let q(b) = -b**3 - 5*b**2 - 3*b - 3. Let l = -95 - -91. What is q(l)?
-7
Suppose 0*b = 2*b - 10. Suppose 0 = -b*t - 2*y + 29, -4*y - y = 5*t - 20. Suppose 4*n - 3 = -t. Let m(k) = -7*k**3 + k**2 + k. Calculate m(n).
7
Suppose -4*o + 10 = -g, o + 10 - 2 = -5*g. Let m be 0 + o - (-12)/(-2). Let p(s) = -s**2 - 5*s. Determine p(m).
4
Let u = 21 - 12. Suppose -i - 1 = -u. Suppose -i = -2*t, -3*c = -6*c + 3*t - 6. Let z(m) = -m**3 + 2*m**2 - m - 1. Determine z(c).
-3
Let h be 3*(2 - 1) + -1. Let q(g) = -g - 2. Let n be q(-4). Let t(f) = f - f**2 + 2*f**n + 0*f**2. Give t(h).
6
Let w(q) = -15*q + 21. Let v(l) = -7*l + 10. Let g(j) = 13*v(j) - 6*w(j). Let i(n) = -n**3 + 4*n**2 - 3*n - 1. Let f be i(3). Let b = f - -7. Give g(b).
-2
Let m be (-2)/(-3)*(-5 - -8). Let v(q) = q - 5 - m*q + q + q. What is v(6)?
1
Let r(b) = b**3 - 7*b**2 + b - 6. Let x be r(7).